p = -2*p. Suppose 4*x - 112 = -p*w - w, -3*w + 12 = 0. What are the prime factors of x?
3
Suppose 4*k - 424 = -80. List the prime factors of k.
2, 43
Let g = 4 + -3. Let h(m) = 3*m**2 - m. Let j be h(g). What are the prime factors of (-1)/(26/14 - j)?
7
Suppose -5*a = 4*g - 58, -5*a + 47 = 3*g - 9. Let p = a - 3. List the prime factors of p.
7
What are the prime factors of (-288)/(-15)*(-80)/(-12)?
2
Suppose 160 = 5*m + 2*u - 18, 0 = 3*m + 3*u - 105. List the prime factors of m.
2, 3
Let h = 104 + -56. List the prime factors of h.
2, 3
Let r(x) = 2*x**2 + 3*x**2 - 7 + 4*x + 2*x**2 + x**3. Let b be r(-6). Suppose -4*i = 2*m - 2*i - 8, -70 = -b*m + 5*i. What are the prime factors of m?
3
Let b(z) = z**3 + 6*z**2 - 10*z - 10. Let g = 11 - 18. Let s be b(g). Let m(v) = v**2 - 11*v + 11. What are the prime factors of m(s)?
11
Let j be 4/6 - 110/(-6). Suppose 4*s - 5*y = s + j, -y - 9 = -s. What are the prime factors of s?
13
Let p(m) = m**3 - 3*m**2 - 4*m + 5. Let g(h) = -h**2 + 8*h + 11. Let z be g(9). Suppose z*b + 18 = q + q, -3*q - 13 = 5*b. List the prime factors of p(q).
5
Let c = 14 - 8. Let t = c - 4. List the prime factors of t.
2
Let l be (-24)/(-20)*200/6. Let o = l - 29. List the prime factors of o.
11
Let f(i) = -i**3 + 10*i**2 + 7. What are the prime factors of f(8)?
3, 5
Let r(j) = -j + 5. Let b be r(6). Let g be 2 + 1*(-2)/b. Suppose 1 = 3*x + g, 5*k + x = 69. List the prime factors of k.
2, 7
Let v be 5/(-1)*20/(-25). Suppose -2 = -v*x + 6. Let b(f) = 2*f**3 - f**2 - 2*f + 2. List the prime factors of b(x).
2, 5
Let l = -96 - -262. List the prime factors of l.
2, 83
Let f be 21/3 + (1 - -1). Suppose -2*r = -3 - f. What are the prime factors of r?
2, 3
Let j be (2/5)/(4/40). Suppose 2*w = 2*k - 102, 2*k + j*w = 3*k - 54. List the prime factors of k.
2, 5
Suppose 3*g - 23 = -4*z, -3*g - 2*g = -2*z + 5. Suppose 6 - 1 = z*c. Let m(x) = 11*x**2 + x. What are the prime factors of m(c)?
2, 3
Let t(o) = -o**3 + 3*o**2 + 5*o - 4. Suppose 0*g - 16 = -4*g. Let n be t(g). Suppose 3*a + 3*y - 21 = 0, -a + 3*y + n = -11. What are the prime factors of a?
2
Let l(b) = 2*b**3 + b**2 - b + 1. What are the prime factors of l(3)?
61
Suppose -6 = d - 2, 53 = 5*b + 3*d. Suppose j - 4 = b. List the prime factors of j.
17
Let g(s) = 11 - 1 - s + 3. Let i be g(7). Suppose 0 = -j + i*j - 25. List the prime factors of j.
5
Suppose 13*u - 2184 = 6*u. What are the prime factors of u?
2, 3, 13
Suppose 2*v - 12 = -2*v. Let q be 2/5 + 189/15. List the prime factors of q - -3*(-1)/v.
2, 3
Let a(i) = -i**3 - 6*i**2 + i + 7. Let h be a(-6). Let t be -33*((0 - h) + 0). Suppose k + 2*k = t. What are the prime factors of k?
11
Suppose 9 - 1 = -2*h. Let s(w) be the first derivative of w**3/3 + 3*w**2/2 + 2*w - 1. What are the prime factors of s(h)?
2, 3
List the prime factors of 2*24/(-18)*366/(-4).
2, 61
Let r(t) = t**3 - 3*t**2 + 3*t - 2. Let a be r(2). List the prime factors of 16 - (a/3)/(-2).
2
Suppose 0*n - 15 = -3*n. Suppose 3*z = -l, -n*l - 4*z - z + 20 = 0. What are the prime factors of (-4)/l*84/(-8)?
7
Let g be 12/1*20/(-16). Let u = g - -47. What are the prime factors of u?
2
Let n(o) = -o**3 + o + 12. Let k be n(0). Suppose 8 + 4 = 4*b. Suppose -t = -b*t + k. What are the prime factors of t?
2, 3
Suppose 0 = x + x - 58. What are the prime factors of x?
29
Let g be -2 + (4 - 3) + -2. Let m be 2*(0 - g)*-1. Let p = 2 - m. List the prime factors of p.
2
Let i(o) = o - 3. Let d be i(6). Suppose -d*l - 2*x - 7 = 3*x, 0 = -2*l + 2*x + 22. Suppose -l = -w + 5. What are the prime factors of w?
11
Suppose -3*b + 2*b + 1 = 0. Let v = b - -1. Suppose v*u - p - 14 = -4*p, 4*p = -2*u + 10. List the prime factors of u.
13
List the prime factors of (-32)/(-48) - (-238)/3.
2, 5
Suppose -3*b = 3*z + 105, 3*b + 0*b = -5*z - 95. List the prime factors of b/(-3)*(-18)/(-15).
2
Let z be (29 + -2)*1 - 0. Let i = z + -15. What are the prime factors of i?
2, 3
Suppose 0 = -4*d - 2*n + 21 + 53, -d = n - 21. Suppose d = -2*m + 100. List the prime factors of m.
2, 3, 7
Suppose 11*a = -0*a + 2519. List the prime factors of a.
229
Let d(t) = t**2 - 3*t + 4. Let m be d(-7). Let v be m/4 + 3/(-6). Suppose -12 = -2*p - 2*a, 3*a - a = -5*p + v. List the prime factors of p.
2
Suppose -5*j + 4*j = -63. Let g = j - 38. List the prime factors of g.
5
What are the prime factors of (-1 - 6/(-4))*(13 + -7)?
3
Let z = 22 + -45. Let l = -5 - z. What are the prime factors of l?
2, 3
Let v(n) = n**3 + 3*n**2 - 3*n - 1. Let f = 11 + -8. What are the prime factors of v(f)?
2, 11
Let k(s) = -2*s - 3*s + 0*s + 11 + 3*s. What are the prime factors of k(-8)?
3
Suppose -5 - 3 = -2*t. Suppose y = 3*y - t. Suppose 10 = 5*f + 5*n, -y*f + 0 = -5*n - 32. List the prime factors of f.
2, 3
Let g = -79 - -112. What are the prime factors of g?
3, 11
Let g = -60 - -92. What are the prime factors of g?
2
Suppose 2*y = -3*y + 130. What are the prime factors of y?
2, 13
Suppose -2*c + 6 - 2 = 0. Suppose c = 4*r - 6. Suppose -u = p - 11, -r*u = -2*p - u + 13. List the prime factors of p.
2
Let j = -2 - -10. Let q = j + -6. List the prime factors of q.
2
Let b = 44 - 24. Let j = 29 - b. List the prime factors of j.
3
Let r(p) = 3*p**2 + 4*p + 3. List the prime factors of r(-2).
7
Let t(v) = v**2 - v + 14. Suppose -p = 4*p + 15. Let a be p/4 + (-18)/(-24). List the prime factors of t(a).
2, 7
Let v(o) = o**3 - 15*o**2 - 23*o - 2. What are the prime factors of v(17)?
5, 37
Let z(o) = -o**2 - 10*o - 6. Let f be z(-9). Let p(l) = -2*l**3 + 8*l**2 - 12 - 11*l + 5*l**3 - 2*l**f. What are the prime factors of p(-9)?
2, 3
Let p(i) = -22*i + 9. List the prime factors of p(-4).
97
Let z(v) = 3*v**2 + 15*v + 14. Let j(l) = 16*l**2 + 76*l + 71. Let s(q) = 2*j(q) - 11*z(q). List the prime factors of s(-7).
2, 3, 5
Suppose 6*j - 8*j = -6. List the prime factors of j.
3
Suppose -18*c - 290 = -23*c. List the prime factors of c.
2, 29
Suppose 0 = 7*c - 4*c - 3. Let r(b) = -10*b**2 + b - 1. Let l be r(c). Let k = 0 - l. List the prime factors of k.
2, 5
Suppose 2*m = -43 + 1. Let k be 2/(-1*2) - m. Let c = -13 + k. List the prime factors of c.
7
Let w(l) = 2*l - 4. Let a be w(4). Suppose a*h - 87 + 27 = 0. List the prime factors of h.
3, 5
Let t = -5 - -7. Let j = -5 + 8. List the prime factors of t*(0 + (j - 1)).
2
Let j(d) = 9*d + 6 - 4 - 8*d - 4*d. What are the prime factors of j(-3)?
11
Let x = -186 + 386. List the prime factors of x.
2, 5
Suppose -3*q = -2*p - 50, 0*p + p = -q + 20. Suppose q = 3*s - 39. What are the prime factors of s?
19
Let n be (-2)/(-3)*(10 - 1). What are the prime factors of 2/(-3)*(0 - n)?
2
Let k = 338 - 182. What are the prime factors of k?
2, 3, 13
Let v(n) = n**3 - 6*n**2 + 5. Let j be v(7). Suppose 3*a + 12 = j. What are the prime factors of a?
2, 7
Suppose t - 4 = 16. Let w = -13 + t. List the prime factors of w.
7
Let u(q) = -3*q - 4. Let f be u(3). Let m = 58 + -83. Let i = f - m. What are the prime factors of i?
2, 3
What are the prime factors of 42/(3*(-4)/(-18))?
3, 7
Let y = -12 - -20. List the prime factors of y.
2
Let o(v) = -v**3 - 8*v**2 + 27*v + 26. What are the prime factors of o(-11)?
2, 23
Let i(a) = 2*a. Let l be i(-2). Let o = -7 - l. What are the prime factors of (-28)/o + 7/(-21)?
3
Suppose 4*c - a - 511 = 0, -3*c + 3*a - 6*a + 402 = 0. List the prime factors of c.
3, 43
Let p be (21 + -1)*(-2)/(-2). Suppose -3*m + p = 2*m. Suppose -m - 8 = -4*d. What are the prime factors of d?
3
Let n(z) = 3*z**3 + 2*z**2 - 5*z + 2. Let d be n(4). Suppose 0*l + 5*s + 170 = 5*l, d = 5*l + 4*s. What are the prime factors of l?
2, 19
Let j(i) = i**2 + 6*i + 1. What are the prime factors of j(-7)?
2
Suppose 87 = 3*o + 3*m, -o + 0*o = -5*m - 17. What are the prime factors of o?
3
Let w(i) = i**2 - 2*i - 10. List the prime factors of w(9).
53
Let c be 6/(-4)*(-8)/6. Suppose -c*d + 38 = d - 4*w, -20 = 4*w. What are the prime factors of d?
2, 3
Let t be 1*(3 - 1) - -61. Suppose 5*s - 107 - t = 0. List the prime factors of s.
2, 17
Suppose 5*c - 3 = 57. List the prime factors of c.
2, 3
Suppose -a = a - 20. Let x = a - 7. Suppose -x*t - 10 = -37. List the prime factors of t.
3
Let y = -5 - -35. List the prime factors of y.
2, 3, 5
Let g(z) = z - 2. Let d be g(0). Let w(t) = -t**2 - 3*t + 1. List the prime 